{"id":373,"date":"2025-10-01T14:39:47","date_gmt":"2025-10-01T14:39:47","guid":{"rendered":"https:\/\/paraisohoje.pt\/evento\/paradisi-domestici-gens-public-programme\/"},"modified":"2025-10-01T14:39:47","modified_gmt":"2025-10-01T14:39:47","slug":"paradisi-domestici-gens-public-programme","status":"publish","type":"events","link":"https:\/\/paraisohoje.pt\/it\/eventi\/paradisi-domestici-gens-public-programme\/","title":{"rendered":"Paradisi domestici (Gens Public Programme)"},"content":{"rendered":"<p>Su invito della giornalista Patrizia Catalano, il co-curatore del Padiglione del Portogallo, Luca Martinucci, parteciper\u00e0 al GENS Public Programme @labiennale, sul tema \u201cLa casa che amo. Le declinazioni virtuali e immaginali dell\u2019universo domestico.\u201d  Durante il suo intervento intitolato \u201c<i>Paradisi domestic<\/i>i\u201d, porter\u00e0 nel dibattito internazionale alcune delle tematiche del progetto Para\u00edso, hoje. Verr\u00e0 presentata una selezione significativa dell\u2019Atlas, che esplora come le immagini raccolte sfidano o riconfigurano l\u2019immaginario della casa, della dimensione domestica e dell\u2019intimit\u00e0 paesaggistica. Attraverso questo frammento dell\u2019Atlas si potr\u00e0 intravedere un\u2019idea di paradiso non come ideale lontano, ma come territorio vissuto, plurale, soggetto a interpretazioni molteplici e in continua trasformazione.<\/p>\n","protected":false},"excerpt":{"rendered":"<p>Su invito della giornalista Patrizia Catalano, il co-curatore del Padiglione del Portogallo, Luca Martinucci, parteciper\u00e0 al GENS Public Programme @labiennale, sul tema \u201cLa casa che amo. Le declinazioni virtuali e immaginali dell\u2019universo domestico.\u201d Durante il suo intervento intitolato \u201cParadisi domestici\u201d, porter\u00e0 nel dibattito internazionale alcune delle tematiche del progetto Para\u00edso, hoje. Verr\u00e0 presentata una selezione [&hellip;]<\/p>\n","protected":false},"featured_media":374,"menu_order":0,"template":"","meta":{"_acf_changed":false},"class_list":["post-373","events","type-events","status-publish","has-post-thumbnail","hentry"],"acf":[],"_links":{"self":[{"href":"https:\/\/paraisohoje.pt\/it\/wp-json\/wp\/v2\/events\/373","targetHints":{"allow":["GET"]}}],"collection":[{"href":"https:\/\/paraisohoje.pt\/it\/wp-json\/wp\/v2\/events"}],"about":[{"href":"https:\/\/paraisohoje.pt\/it\/wp-json\/wp\/v2\/types\/events"}],"wp:featuredmedia":[{"embeddable":true,"href":"https:\/\/paraisohoje.pt\/it\/wp-json\/wp\/v2\/media\/374"}],"wp:attachment":[{"href":"https:\/\/paraisohoje.pt\/it\/wp-json\/wp\/v2\/media?parent=373"}],"curies":[{"name":"wp","href":"https:\/\/api.w.org\/{rel}","templated":true}]}}

<p>Su invito della giornalista Patrizia Catalano, il co-curatore del Padiglione del Portogallo, Luca Martinucci, parteciperà al GENS Public Programme @labiennale, sul tema “La casa che amo. Le declinazioni virtuali e immaginali dell’universo domestico.”  Durante il suo intervento intitolato “<i>Paradisi domestic</i>i”, porterà nel dibattito internazionale alcune delle tematiche del progetto Paraíso, hoje. Verrà presentata una selezione significativa dell’Atlas, che esplora come le immagini raccolte sfidano o riconfigurano l’immaginario della casa, della dimensione domestica e dell’intimità paesaggistica. Attraverso questo frammento dell’Atlas si potrà intravedere un’idea di paradiso non come ideale lontano, ma come territorio vissuto, plurale, soggetto a interpretazioni molteplici e in continua trasformazione.</p>

<p>Su invito della giornalista Patrizia Catalano, il co-curatore del Padiglione del Portogallo, Luca Martinucci, parteciperà al GENS Public Programme @labiennale, sul tema “La casa che amo. Le declinazioni virtuali e immaginali dell’universo domestico.” Durante il suo intervento intitolato “Paradisi domestici”, porterà nel dibattito internazionale alcune delle tematiche del progetto Paraíso, hoje. Verrà presentata una selezione [&hellip;]</p>
